{"id":999,"date":"2025-02-26T15:44:05","date_gmt":"2025-02-26T15:44:05","guid":{"rendered":"https:\/\/artelamasa.es\/?page_id=999"},"modified":"2025-02-26T22:52:09","modified_gmt":"2025-02-26T22:52:09","slug":"fotovoltaica","status":"publish","type":"page","link":"https:\/\/artelamasa.es\/?page_id=999","title":{"rendered":"Fotovolt\u00e1ica"},"content":{"rendered":"\t\t<div data-elementor-type=\"wp-page\" data-elementor-id=\"999\" class=\"elementor elementor-999\" data-elementor-post-type=\"page\">\n\t\t\t\t<div class=\"elementor-element elementor-element-1bba0a0 e-con-full e-flex e-con e-parent\" data-id=\"1bba0a0\" data-element_type=\"container\" data-e-type=\"container\" data-settings=\"{&quot;background_background&quot;:&quot;classic&quot;}\">\n\t\t\t\t<div class=\"elementor-element elementor-element-e5f9bb3 elementor-widget elementor-widget-heading\" data-id=\"e5f9bb3\" data-element_type=\"widget\" data-e-type=\"widget\" data-widget_type=\"heading.default\">\n\t\t\t\t<div class=\"elementor-widget-container\">\n\t\t\t\t\t<h2 class=\"elementor-heading-title elementor-size-default\">Instalaciones Solares Fotovolt\u00e1icas<\/h2>\t\t\t\t<\/div>\n\t\t\t\t<\/div>\n\t\t\t\t<\/div>\n\t\t<div class=\"elementor-element elementor-element-3cb832f e-flex e-con-boxed e-con e-parent\" data-id=\"3cb832f\" data-element_type=\"container\" data-e-type=\"container\">\n\t\t\t\t\t<div class=\"e-con-inner\">\n\t\t\t\t<div class=\"elementor-element elementor-element-deaf172 elementor-widget elementor-widget-text-editor\" data-id=\"deaf172\" data-element_type=\"widget\" data-e-type=\"widget\" data-widget_type=\"text-editor.default\">\n\t\t\t\t<div class=\"elementor-widget-container\">\n\t\t\t\t\t\t\t\t\t<p style=\"text-align: center;\"><span style=\"color: #000000;\"><strong>E<\/strong><strong data-start=\"109\" data-end=\"152\">nerg\u00eda Solar para un Futuro Sostenible<\/strong><\/span><\/p><p data-start=\"156\" data-end=\"472\"><span style=\"color: #000000;\">En <em data-start=\"159\" data-end=\"183\">Artelamasa<\/em>, nos especializamos en la instalaci\u00f3n de <strong data-start=\"225\" data-end=\"260\">placas solares para autoconsumo<\/strong>, ofreciendo soluciones personalizadas para hogares, empresas e industrias. Nuestro objetivo es ayudarte a reducir tu factura el\u00e9ctrica y contribuir al cuidado del medio ambiente con energ\u00eda limpia y renovable.<\/span><\/p><p data-start=\"474\" data-end=\"792\"><span style=\"color: #000000;\">\u2705 <strong data-start=\"476\" data-end=\"503\">Estudios personalizados<\/strong> para maximizar el rendimiento de tu instalaci\u00f3n<\/span><br data-start=\"551\" data-end=\"554\" \/><span style=\"color: #000000;\">\u2705 <strong data-start=\"556\" data-end=\"586\">Materiales de alta calidad<\/strong> y tecnolog\u00eda de \u00faltima generaci\u00f3n<\/span><br data-start=\"620\" data-end=\"623\" \/><span style=\"color: #000000;\">\u2705 <strong data-start=\"625\" data-end=\"661\">Gesti\u00f3n de subvenciones y ayudas<\/strong> disponibles<\/span><br data-start=\"673\" data-end=\"676\" \/><span style=\"color: #000000;\">\u2705 <strong data-start=\"678\" data-end=\"712\" data-is-only-node=\"\">Instalaci\u00f3n r\u00e1pida y eficiente<\/strong> con profesionales certificados<\/span><br data-start=\"743\" data-end=\"746\" \/><span style=\"color: #000000;\">\u2705 <strong data-start=\"748\" data-end=\"770\">Ahorro garantizado<\/strong> desde el primer d\u00eda<\/span><\/p><p data-start=\"794\" data-end=\"916\"><span style=\"color: #000000;\">Aprovecha el sol y empieza a generar tu propia energ\u00eda. \u00a1Contacta con nosotros y solicita tu presupuesto sin compromiso!<\/span><\/p>\t\t\t\t\t\t\t\t<\/div>\n\t\t\t\t<\/div>\n\t\t\t\t\t<\/div>\n\t\t\t\t<\/div>\n\t\t\t\t<\/div>\n\t\t","protected":false},"excerpt":{"rendered":"<p>Instalaciones Solares Fotovolt\u00e1icas Energ\u00eda Solar para un Futuro Sostenible En Artelamasa, nos especializamos en la instalaci\u00f3n de placas solares para [&hellip;]<\/p>\n","protected":false},"author":1,"featured_media":0,"parent":0,"menu_order":0,"comment_status":"closed","ping_status":"closed","template":"","meta":{"site-sidebar-layout":"no-sidebar","site-content-layout":"","ast-site-content-layout":"full-width-container","site-content-style":"default","site-sidebar-style":"default","ast-global-header-display":"","ast-banner-title-visibility":"","ast-main-header-display":"","ast-hfb-above-header-display":"","ast-hfb-below-header-display":"","ast-hfb-mobile-header-display":"","site-post-title":"disabled","ast-breadcrumbs-content":"","ast-featured-img":"disabled","footer-sml-layout":"","ast-disable-related-posts":"","theme-transparent-header-meta":"","adv-header-id-meta":"","stick-header-meta":"","header-above-stick-meta":"","header-main-stick-meta":"","header-below-stick-meta":"","astra-migrate-meta-layouts":"default","ast-page-background-enabled":"default","ast-page-background-meta":{"desktop":{"background-color":"var(--ast-global-color-5)","background-image":"","background-repeat":"repeat","background-position":"center center","background-size":"auto","background-attachment":"scroll","background-type":"","background-media":"","overlay-type":"","overlay-color":"","overlay-opacity":"","overlay-gradient":""},"tablet":{"background-color":"","background-image":"","background-repeat":"repeat","background-position":"center center","background-size":"auto","background-attachment":"scroll","background-type":"","background-media":"","overlay-type":"","overlay-color":"","overlay-opacity":"","overlay-gradient":""},"mobile":{"background-color":"","background-image":"","background-repeat":"repeat","background-position":"center center","background-size":"auto","background-attachment":"scroll","background-type":"","background-media":"","overlay-type":"","overlay-color":"","overlay-opacity":"","overlay-gradient":""}},"ast-content-background-meta":{"desktop":{"background-color":"var(--ast-global-color-4)","background-image":"","background-repeat":"repeat","background-position":"center center","background-size":"auto","background-attachment":"scroll","background-type":"","background-media":"","overlay-type":"","overlay-color":"","overlay-opacity":"","overlay-gradient":""},"tablet":{"background-color":"var(--ast-global-color-4)","background-image":"","background-repeat":"repeat","background-position":"center center","background-size":"auto","background-attachment":"scroll","background-type":"","background-media":"","overlay-type":"","overlay-color":"","overlay-opacity":"","overlay-gradient":""},"mobile":{"background-color":"var(--ast-global-color-4)","background-image":"","background-repeat":"repeat","background-position":"center center","background-size":"auto","background-attachment":"scroll","background-type":"","background-media":"","overlay-type":"","overlay-color":"","overlay-opacity":"","overlay-gradient":""}},"footnotes":""},"class_list":["post-999","page","type-page","status-publish","hentry"],"_links":{"self":[{"href":"https:\/\/artelamasa.es\/index.php?rest_route=\/wp\/v2\/pages\/999","targetHints":{"allow":["GET"]}}],"collection":[{"href":"https:\/\/artelamasa.es\/index.php?rest_route=\/wp\/v2\/pages"}],"about":[{"href":"https:\/\/artelamasa.es\/index.php?rest_route=\/wp\/v2\/types\/page"}],"author":[{"embeddable":true,"href":"https:\/\/artelamasa.es\/index.php?rest_route=\/wp\/v2\/users\/1"}],"replies":[{"embeddable":true,"href":"https:\/\/artelamasa.es\/index.php?rest_route=%2Fwp%2Fv2%2Fcomments&post=999"}],"version-history":[{"count":10,"href":"https:\/\/artelamasa.es\/index.php?rest_route=\/wp\/v2\/pages\/999\/revisions"}],"predecessor-version":[{"id":1013,"href":"https:\/\/artelamasa.es\/index.php?rest_route=\/wp\/v2\/pages\/999\/revisions\/1013"}],"wp:attachment":[{"href":"https:\/\/artelamasa.es\/index.php?rest_route=%2Fwp%2Fv2%2Fmedia&parent=999"}],"curies":[{"name":"wp","href":"https:\/\/api.w.org\/{rel}","templated":true}]}}